e (12 - ((8 - 12) + 12)) + 4.
8
Calculate -4 + -1 - (-406 + 414) - (10 + -1).
-22
What is the value of 22 + 23 + -17 - (-12 - -1)?
39
What is the value of -12 - -11 - -12 - -1?
12
Evaluate (10 - 18 - -14) + -4.
2
What is (61 + -51 - (16 + -2)) + -3?
-7
Calculate (-44 - 13) + 21 + 18.
-18
Calculate (-3 - -10) + -78 + 62.
-9
-12 - (-2 - (-19 + 20))
-9
Evaluate 57 + -54 - (2 - (2 + 0)) - -5.
8
Calculate 10 - ((6 - (-17 - -7)) + -15).
9
What is the value of 11 - (15 - 13) - 12 - -12?
9
What is the value of -180 - -169 - (-1 - 12)?
2
What is 38 - ((-60 - -29) + 36)?
33
What is the value of -57 + 10 + (86 - 80)?
-41
-12 + (-10 + 3 - -28) - -3
12
34 + (12 - 47) - (1 - -15 - 1)
-16
Evaluate 21 + -53 + -8 + 43.
3
What is 14 + (-15 - -6) - (16 + -22)?
11
What is (-5 - (2 - 15)) + -9 - 14?
-15
What is the value of (8 - (-1 - -15)) + (-1 - 0)?
-7
(-17 - 11 - -18) + 3 + -2
-9
13 + 15 + -5 + -14 - 2
7
What is the value of 0 + -1 + (132 - 101) + -3?
27
Calculate -9 + (8 - -4 - 7) - -14.
10
What is (45 - 28) + -1 + -16?
0
Calculate -2 - -28 - (24 + -12).
14
What is (0 - 1 - (179 + -181)) + 4?
5
What is the value of (-7 - (-3 + -18)) + 0?
14
Evaluate 8 + 11 + 5 + 0.
24
What is the value of -25 + (-9 - -64) + -7 - (0 + 7)?
16
What is (-1 - -5) + 1 + (-40 - -26)?
-9
Evaluate -13 + 0 - ((15 - -3) + -22).
-9
15 - (-17 + 16 + 5)
11
Calculate 16 + (-2 + -10 - 19).
-15
Calculate 20 + -2 + (81 + -81 - (-5 + 0)).
23
What is the value of 1 + 24 + (-22 - -17) + -3?
17
What is (17 - -3) + (-9 - -6) - 4?
13
What is the value of 10 - (-2 + (-3 - -5) + 0)?
10
Evaluate 4 + 8 + -7 + -17.
-12
45 + -45 - (-12 + 3)
9
What is (-5 - -17) + 5 + 18 + -23?
12
Evaluate 38 + -40 + -1 + -8 + 1.
-10
Evaluate -532 + 520 + (37 - 0) + -1.
24
What is the value of 0 - -6 - (-10 + (0 - -3) + 2)?
11
What is 10 - (-13 + 0) - (11 + 0)?
12
What is the value of 0 - (8 + -7 - 6)?
5
Calculate -20 - (-6 + (0 + -3 - -5)) - 3.
-19
4 + 3 - (16 - (39 - 20))
10
Calculate -7 + 0 + (-2 - (-2 - -7)).
-14
Evaluate 0 + (-13 - -22 - (-1 + -2)).
12
What is the value of 0 + 0 - (-20 - 0 - -14)?
6
What is the value of -5 + (-1 + 3 - (-18 - -5))?
10
Evaluate 1 - 2 - (0 + 3 + (-10 - -4)).
2
Calculate 16 + 7 - (8 - (-6 + 9 + 2)).
20
What is 5 + (-15 - -7) - 5 - -4 - 11?
-15
Evaluate (9 + -13 - -5) + 4.
5
What is (18 - 15) + -2 + -2 + 9?
8
What is -6 + (14 - 15) + -3?
-10
Calculate -39 + (-8 - (1 - (28 + (-9 - -1)))).
-28
-9 + -30 + (5 - -16)
-18
Evaluate (14 - -4) + -20 - (9 - (0 + 0)).
-11
Calculate -8 - (-5 - -9) - 7.
-19
Evaluate 0 + (-17 - -51) + -38.
-4
What is the value of -120 + 91 - (-18 - 1)?
-10
-6 - (1 - 4 - (-22 - -4)) - 2
-23
31 - 21 - 30 - -7
-13
6 + (16 - 2) + -26
-6
Calculate 14 + -19 + -24 + 38.
9
What is the value of 121 + -110 + (-27 - (4 - 4))?
-16
15 + 0 + 650 + -639
26
Evaluate (3 - -13) + (80 - 110).
-14
What is -2 - 7 - (22 - 25 - (4 - -1))?
-1
Calculate 3 + 4 - 10 - (-9 + 18 + -1).
-11
Evaluate (14 + -4 - 21) + 36.
25
Calculate -32 - (-27 + -56 + 26).
25
What is the value of 0 + 16 + -10 + -35 + 50?
21
-1 - (1 + (9 - 4 - 15))
8
Evaluate 5 - (-8 + 13 - (-7 + 4 - -2)).
-1
What is the value of (-20 - 13) + (34 - 27)?
-26
5 + -7 + (3 - -10)
11
What is -4 + 3 + (-73 - -28) + 22?
-24
0 + 0 + 15 + -36 + 25
4
Calculate 0 - 1 - (18 - 24).
5
Calculate -40 - 45 - -88 - (-1 + -10).
14
What is 4 + 1 + -2 + (14 - 6)?
11
What is the value of (-29 + 18 - 23) + 30?
-4
Evaluate -7 + (4 - -8) + -5 + -7.
-7
Calculate -13 + -36 + 19 + 19.
-11
Calculate -442 + 432 - (1 - 20).
9
Calculate 1 + -9 + (24 - 12) + -1.
3
What is the value of 16 + (-19 - (-12 - -1))?
8
(-304 - -329) + 2 + -37
-10
What is (3 - 5) + -40 + 44?
2
What is -10 + (5 - (7 - (4 + -4)))?
-12
Evaluate (-1 - 0 - 0) + (-46 - -48) + -7.
-6
Evaluate (304 - 303) + -2 + -13.
-14
What is 30 + -38 + 1 - -8?
1
Evaluate (-1 - 21 - -18) + 17.
13
-1 - ((-21 - -10) + 13 + -3)
0
-16 + (-7 - 25 - -29)
-19
What is -12 + -1 + 0 + (-16 - -19) - -6?
-4
(-197 - -201) + -20 + -2
-18
What is the value of 14 - ((2 + -1 - 6) + -3 - -6)?
16
Evaluate -2 - -6 - 14 - ((-1 - -9) + -9).
-9
What is 15 + (-6 - 7 - (-8 - -6))?
4
Evaluate 14 + (-10 - (-8 - (9 + -20))).
1
What is -2 - (1 - 14 - 1) - (980 + -931)?
-37
What is 17 + (13 - 17) - 25?
-12
Calculate (1 - (3 + -14)) + -5 + (13 - 12).
8
Calculate (0 + 0 - 6) + 7.
1
Evaluate 1 + 1 + (1 - 4 - -11) + -5.
5
Calculate -6 - (6 - (9 - -3) - (-7 + 4)).
-3
-8 + (13 - (-18 + 19))
4
What is the value of 6 - -2 - ((0 - 2) + (-31 - -21))?
20
Calculate -2 - 15 - (282 - 322).
23
What is 24 + -1 - (26 + -32 - -15)?
14
-3 + -10 + (-3 - 2 - (-9 + -5))
-4
Calculate -10 - (-14 - (-13 - (9 + -15))).
-3
What is the value of -2 + (-11 - 17) + 4 - -8?
-18
What is (6 - ((3 - 0) + 3)) + 19?
19
Calculate 15 + -3 + -19 - (-1 + -2 + 0).
-4
Calculate 19 + -13 + 7 + -2.
11
What is 7 - (-4 - -4 - (-2 - -7))?
12
What is (24 - (-1 + 40)) + 18?
3
(1 - 3) + (-3 - (-3 + -7)) - 6
-1
Calculate (0 - -10) + -21 + -1 + 5.
-7
Calculate -35 - -35 - 25 - -26.
1
12 - (3 + 0 + 11 - 9)
7
What is 2 + (-7 - (-3 - (1 - 0)))?
-1
Calculate -77 + 62 + 3 + -16 + 0.
-28
Evaluate 2 - (7 - 8 - ((5 - 3) + -2)).
3
Calculate -13 + 29 + -14 - 14.
-12
Calculate (9 + -10 - -4) + 4 + 7 - -9.
23
What is 5 - (-16 - (-21 - (-22 + 8)))?
14
What is the value of 58 - 45 - 21 - (-6 - 0)?
-2
What is (-2 + 5 + 6 - (1 - -18)) + 1?
-9
Evaluate 8 + -55 + 55 + (-2 - 2).
4
Calculate 9 + 14 + -19 - (-2 + 0) - -3.
9
What is 12 + -1 + 2 - 5 - (1 + 0)?
7
What is -2 - 2 - 0 - -2 - -6?
4
Evaluate -2 + (-3 - -2) + 5 + (3 - -2).
7
Calculate 0 + 38 - (-1873 + 1891).
20
What is (-2 - 8) + (8 - 1)?
-3
Calculate -697 - -691 - ((2 - 2) + (-24 - 1)).
19
What is -7 - (-21 - -20 - -1)?
-7
-1 - -1 - (15 + (7 - 29 - -6))
1
What is the value of 9 + -28 - (-4 + -13)?
-2
What is the value of (27 + -14 - 28) + -1?
-16
Evaluate (12 - (11 + -3 + 16)) + -17.
-29
Calculate 3 + -15 + 15 - -7.
10
What is -23 + 0 - (-3 + (3 - 8))?
-15
Calculate ((1 - -10) + -9 - (-1 - 5)) + 4.
12
What is 15 - (-11 - (-13 + 2))?
15
What is -194 + 101 + 103 - (4 + 1 + 1)?
4
What is the value of (2 - 1 - 11) + (3 - 9 - -5)?
-11
Evaluate (1 - 4) + 11 + -10.
-2
What is the value of -96 + 84 + 0 + 20 + -9?
-1
What is (-4 - (-2 + 1)) + (1224 - 1230)?
-9
Calculate (0 - (-8 + 7)) + 75 + -70.
6
Calculate 24 + (5 - 33) - (0 + 15 + -2).
-17
What is the value of -4 - -2 - (8 - (3 + -2))?
-9
1 - 9 - (-15 - (-36 - 3))
-32
Calculate (-13 - -14) + (-1 - (10 + -3 + -3)).
-4
-2 + (-21 - (13 + -11 - 15))
-10
Evaluate 2 - (33 - (-18 - -37)).
-12
Calculate (16 - (2 - -8) - -8) + 2.
16
What is the value of -3 - (1 + 3 + 0)?
-7
Calculate -12 - (-31 - -17) - (1 + -8).
9
Calculate (28 - 11) + -17 - (1 + -14).
13
Calculate 14 - -10 - (8 - -6).
10
Calculate (2 + -21 - (132 + -137)) + -1.
-15
What is the value of (3 - (-2 + 10)) + -3 - 17?
-25
Evaluate (21 - (19 + -4)) + -1 + 31.
36
Evaluate -25 + (39 - 15) + -1 + 2 + 15.
15
(-2 + -4 - -8) + 9
11
Calculate (12 + 1 - 19) + (-4 + 1 - -6).
-3
6 + (-16 - 0) + 28 - -3
21
What is the value of -4 + 17 - (172 - 141)?
-18
What is (12 - (4 + 5)) + 27 + -47?
-17
Evaluate (95 - 112) + (2 - -9).
-6
Calculate 1 + 36 - (17 + (-21 - -11)).
30
-2 + 11 + (-13 - (-2 + -17)) + -44
-29
What is the value of (6 - 0 - 3) + -10 + -8?
-15
What is the value of 20 + -14 + 14 + -5?
15
Calculate 257 + -246 + -5 + (-5 + 2 - -3).
6
Evaluate -29 + (0 - -17) - (-10 - 8).
6
Calculate (-29 + 36 - 23) + -8.
-24
19 + -9 - (3 + 1) - 19 - 0
-13
-10 - (7 - (7 + -5 + 2))
-13
What is -4 - (-16 - ((-15 - -6) + 3)) - 13?
-7
What is (-19 - -16 - (-4 - -2)) + -7 - -5?
-3
Calculate -15 + 16 + 6 + (9 - 6).
10
Evaluate 256 + -303 - (-83 + -3).
39
What is 584 + -570 - (0 - 24)?
38
Evaluate (16 - -11) + 5 + -21.
11
69 - 64 - (-7 + 0) - 20
-8
Evaluate (0 - -3) + 28 + (-27 - 37).
-33
What is -37 - (11 + 9 - 27)?
-30
What is -8 - ((25 - 51) + 5 + 0)?
13
Calculate (56 - 57) + 1 + -3 - -3.
0
Calculate 2 + 9 - (6 + -3 + 3 + -6).
11
Calculate -813 - -814 - (-3 - -41).
-37
Calculate (-4 - (-2 - -3)) + 58 + -56.
-3
What is the value of (-1 - (7 - 14)) + (-3 - (-5 + 1))?
7
Calculate 20 + (-9 - -1 - (-18 + -14 + 26)).
18
What is -4 + 7 + -13 + 21 + -11 - -13?
13
What is 6 + (-2 + 1 - 6) + (-489 - -493)?
3
Calculate 2 - -7 - (-50 - -57).
2
What is (-56 - -13 - -16) + (-1 - -13)?
-15
-10